nder when 861 is divided by 15.
6
Calculate the remainder when 8507 is divided by 185.
182
Calculate the remainder when 538 is divided by 111.
94
What is the remainder when 52 is divided by 31?
21
What is the remainder when 29 is divided by 16?
13
What is the remainder when 1490 is divided by 436?
182
What is the remainder when 370 is divided by 312?
58
What is the remainder when 875 is divided by 12?
11
Calculate the remainder when 2735 is divided by 114.
113
Calculate the remainder when 177 is divided by 56.
9
What is the remainder when 25 is divided by 10?
5
What is the remainder when 123 is divided by 7?
4
Calculate the remainder when 2134 is divided by 24.
22
Calculate the remainder when 1765 is divided by 104.
101
Calculate the remainder when 20 is divided by 12.
8
What is the remainder when 107 is divided by 27?
26
What is the remainder when 94 is divided by 93?
1
What is the remainder when 4307 is divided by 4?
3
Calculate the remainder when 794 is divided by 49.
10
What is the remainder when 868 is divided by 30?
28
Calculate the remainder when 74 is divided by 26.
22
Calculate the remainder when 3983 is divided by 75.
8
Calculate the remainder when 42954 is divided by 129.
126
What is the remainder when 382 is divided by 55?
52
What is the remainder when 66 is divided by 24?
18
What is the remainder when 248 is divided by 65?
53
What is the remainder when 888 is divided by 186?
144
Calculate the remainder when 74 is divided by 35.
4
What is the remainder when 197 is divided by 22?
21
Calculate the remainder when 45 is divided by 25.
20
Calculate the remainder when 59 is divided by 20.
19
Calculate the remainder when 740 is divided by 68.
60
What is the remainder when 3201 is divided by 1066?
3
What is the remainder when 179 is divided by 23?
18
What is the remainder when 599 is divided by 61?
50
Calculate the remainder when 173 is divided by 63.
47
What is the remainder when 1297 is divided by 372?
181
What is the remainder when 338 is divided by 10?
8
Calculate the remainder when 262 is divided by 65.
2
What is the remainder when 3238 is divided by 18?
16
Calculate the remainder when 411 is divided by 221.
190
What is the remainder when 18238 is divided by 76?
74
What is the remainder when 262 is divided by 22?
20
What is the remainder when 1889 is divided by 173?
159
What is the remainder when 7133 is divided by 2370?
23
Calculate the remainder when 203 is divided by 55.
38
What is the remainder when 357 is divided by 118?
3
Calculate the remainder when 1384 is divided by 232.
224
What is the remainder when 1368 is divided by 151?
9
What is the remainder when 23710 is divided by 76?
74
Calculate the remainder when 2145 is divided by 10.
5
Calculate the remainder when 177 is divided by 15.
12
Calculate the remainder when 644 is divided by 19.
17
What is the remainder when 4687 is divided by 34?
29
Calculate the remainder when 21 is divided by 10.
1
Calculate the remainder when 1518 is divided by 8.
6
What is the remainder when 3659 is divided by 39?
32
Calculate the remainder when 296 is divided by 42.
2
Calculate the remainder when 459 is divided by 66.
63
What is the remainder when 1131 is divided by 18?
15
Calculate the remainder when 527 is divided by 282.
245
Calculate the remainder when 227 is divided by 195.
32
Calculate the remainder when 268 is divided by 109.
50
Calculate the remainder when 930 is divided by 450.
30
Calculate the remainder when 137 is divided by 31.
13
Calculate the remainder when 1189 is divided by 594.
1
What is the remainder when 151 is divided by 17?
15
Calculate the remainder when 385 is divided by 43.
41
What is the remainder when 571 is divided by 41?
38
What is the remainder when 1210 is divided by 138?
106
What is the remainder when 372 is divided by 74?
2
What is the remainder when 312 is divided by 21?
18
Calculate the remainder when 4499 is divided by 31.
4
Calculate the remainder when 950 is divided by 87.
80
Calculate the remainder when 5271 is divided by 15.
6
Calculate the remainder when 353 is divided by 73.
61
Calculate the remainder when 52 is divided by 8.
4
What is the remainder when 192 is divided by 101?
91
What is the remainder when 150 is divided by 9?
6
What is the remainder when 863 is divided by 18?
17
What is the remainder when 97 is divided by 17?
12
Calculate the remainder when 560 is divided by 253.
54
Calculate the remainder when 1100 is divided by 544.
12
What is the remainder when 1112 is divided by 21?
20
What is the remainder when 64 is divided by 62?
2
What is the remainder when 267 is divided by 101?
65
Calculate the remainder when 1690 is divided by 188.
186
Calculate the remainder when 157 is divided by 63.
31
Calculate the remainder when 45 is divided by 41.
4
What is the remainder when 221 is divided by 8?
5
What is the remainder when 361 is divided by 180?
1
What is the remainder when 873 is divided by 51?
6
Calculate the remainder when 2979 is divided by 45.
9
Calculate the remainder when 185 is divided by 36.
5
Calculate the remainder when 561 is divided by 21.
15
Calculate the remainder when 221 is divided by 15.
11
What is the remainder when 75 is divided by 39?
36
What is the remainder when 46470 is divided by 21?
18
Calculate the remainder when 71 is divided by 34.
3
Calculate the remainder when 526 is divided by 174.
4
What is the remainder when 78 is divided by 14?
8
What is the remainder when 9391 is divided by 101?
99
Calculate the remainder when 49 is divided by 29.
20
Calculate the remainder when 530 is divided by 512.
18
What is the remainder when 378 is divided by 108?
54
What is the remainder when 997 is divided by 23?
8
What is the remainder when 114 is divided by 47?
20
What is the remainder when 85 is divided by 27?
4
What is the remainder when 5037 is divided by 126?
123
What is the remainder when 257 is divided by 16?
1
What is the remainder when 2231 is divided by 573?
512
What is the remainder when 230 is divided by 78?
74
What is the remainder when 754 is divided by 54?
52
What is the remainder when 132 is divided by 17?
13
What is the remainder when 104 is divided by 15?
14
Calculate the remainder when 1348 is divided by 45.
43
Calculate the remainder when 387 is divided by 36.
27
Calculate the remainder when 4183 is divided by 46.
43
Calculate the remainder when 49 is divided by 41.
8
What is the remainder when 479 is divided by 23?
19
Calculate the remainder when 6761 is divided by 104.
1
What is the remainder when 992 is divided by 991?
1
Calculate the remainder when 93 is divided by 48.
45
Calculate the remainder when 221 is divided by 41.
16
What is the remainder when 424 is divided by 56?
32
What is the remainder when 437 is divided by 10?
7
What is the remainder when 700 is divided by 117?
115
What is the remainder when 33 is divided by 15?
3
What is the remainder when 4029 is divided by 31?
30
What is the remainder when 202 is divided by 102?
100
What is the remainder when 99 is divided by 74?
25
What is the remainder when 722 is divided by 232?
26
What is the remainder when 580 is divided by 35?
20
Calculate the remainder when 720 is divided by 46.
30
What is the remainder when 41 is divided by 4?
1
What is the remainder when 5045 is divided by 58?
57
What is the remainder when 3831 is divided by 27?
24
Calculate the remainder when 1012 is divided by 14.
4
Calculate the remainder when 647 is divided by 21.
17
Calculate the remainder when 1109 is divided by 184.
5
Calculate the remainder when 471 is divided by 221.
29
Calculate the remainder when 125 is divided by 12.
5
What is the remainder when 8638 is divided by 216?
214
What is the remainder when 1343 is divided by 80?
63
Calculate the remainder when 1941 is divided by 162.
159
Calculate the remainder when 793 is divided by 29.
10
What is the remainder when 195 is divided by 159?
36
What is the remainder when 34 is divided by 23?
11
What is the remainder when 52 is divided by 31?
21
Calculate the remainder when 343 is divided by 113.
4
Calculate the remainder when 61 is divided by 57.
4
Calculate the remainder when 499 is divided by 63.
58
Calculate the remainder when 212 is divided by 36.
32
Calculate the remainder when 780 is divided by 61.
48
What is the remainder when 